igit of z?
1
Let q(m) = -2*m**3 - 10*m**2 - 15*m + 1. Let u(r) = -r**3 - 1. Let l(z) = -q(z) + u(z). Let h be l(-8). What is the tens digit of -6*4/(-6*h)*339?
2
Let m = 22246 - 12256. What is the thousands digit of m?
9
What is the ten thousands digit of (11897 - -2) + (131 - 116)?
1
Let g(n) = 2*n**3 + 47*n**2 - 3*n - 257. What is the hundreds digit of g(-23)?
3
Let c(i) = -9*i + 13*i - 9 - 4*i + 32*i. Let q be c(6). Let k = q - 93. What is the tens digit of k?
9
Let s = 432 + -612. Let q = 210 + s. What is the tens digit of q?
3
Let j be 9 - (-56)/(-6) - (-311)/(-3). What is the tens digit of (j + (-4 - -3))*20/(-3)?
0
Let q(k) = 13726*k**3 - 2*k**2 + 6*k - 3. What is the ten thousands digit of q(1)?
1
Let y = -7567 - -2624. Let m = -3414 - y. What is the units digit of m?
9
Suppose -57*u + 20*u + 69634 = 0. What is the units digit of u?
2
Let q(u) = 5*u - 14*u + 624 + 13*u**2 - 626. What is the tens digit of q(7)?
7
Let p be 1*(0 - -7) + 0/(-27). What is the hundreds digit of (p - 280/(-2)) + (0 - 2)?
1
Let g(w) = -16*w + 43. Let x be g(3). What is the tens digit of (x - 0) + 459 + 58?
1
Let z(v) = v**2 + 9*v + 13. Let f = 123 + -131. Let c be z(f). Suppose -4*l - c*o + 422 = -7*o, -5*o = 2*l - 241. What is the tens digit of l?
0
Let z(o) = -10*o**3 + 6*o**2 + 9*o - 18. Let y be z(-5). Let d = 1949 - y. What is the hundreds digit of d?
6
Suppose 4*j - 212 = 4*t, 0 = 276*j - 277*j - 4*t + 43. What is the tens digit of j?
5
Let q be (6 + 0)*6/4. Let u(h) = -1 + 0*h**2 - 14 + 2*h**2. What is the hundreds digit of u(q)?
1
What is the thousands digit of ((-1)/2)/(6/(-491684)) + (-435)/(-1305)?
0
Suppose 2778 = -15*k + 21*k. Suppose -k = -4*q - s + 2227, -681 = -q + 4*s. What is the units digit of q?
3
Suppose -2*d = -14 + 50. Let j(c) be the third derivative of c**6/120 + c**5/3 + 31*c**4/24 + 16*c**3/3 - 11*c**2 - 13*c. What is the tens digit of j(d)?
2
Suppose 2*r - 3*a + 19 + 8 = 0, 3*a = 9. Let u be (3 + -1)/(6/r). What is the units digit of (-23)/(-3)*-2*u?
6
Suppose -3433563 = -234*z + 20043. What is the thousands digit of z?
4
Suppose 35*s + 84*s = 969969. What is the units digit of s?
1
What is the tens digit of (-4)/(-10) - (5 - 5) - 395008/(-80)?
3
Suppose 5*i = -q - 3*q - 541, -2*i + 5*q = 190. Let d = -65 - i. What is the units digit of d?
0
Suppose -146*k - 736896 = -247*k. What is the hundreds digit of k?
2
Let x(m) = -31*m + 24 + 26*m - 11*m. What is the tens digit of x(-8)?
5
Suppose 3*r + 5*f = -0*r + 16, -4*f + 2 = -3*r. Suppose -r*q - g = -599, -2*q = q - g - 906. What is the tens digit of q?
0
Let c(r) = -r**3 - 39*r**2 - 95*r - 1328. What is the thousands digit of c(-40)?
4
Let d(a) be the third derivative of a**6/120 + a**5/3 - 17*a**4/8 + 2*a**3 + 184*a**2. What is the hundreds digit of d(-21)?
6
Let h(a) = -a**3 - 31*a**2 + 14*a + 78. Let j = 346 - 379. What is the thousands digit of h(j)?
1
Let f(u) = u**3 - 14 + 0 + 798*u + 804*u - 1606*u. Suppose -4*w = -2*n + 20, -4*n - n = -2*w - 34. What is the tens digit of f(n)?
7
Let r be (2 - -1)/((-3)/(-2)). Let v be (0 - (0 - 0)/4)/1. Suppose r*x - 22 = -v*l - l, -x + l = -5. What is the units digit of x?
9
Let n(r) be the second derivative of 7/2*r**2 + 0*r**3 + 0 + 16*r + 1/20*r**5 - 1/4*r**4. What is the units digit of n(5)?
7
Let i = 70 + -154. Let n(x) = -10*x**2 + x + 2. Let r be n(-4). Let o = i - r. What is the units digit of o?
8
What is the thousands digit of 9 - 23 - (6 - 2259)?
2
Let v(p) = -p**3 - p**2 - 1141. Let b be v(0). Let h = b + 641. What is the tens digit of h/((-5)/1) + 2?
0
What is the thousands digit of 33324/6 - -4 - (9 + -3)?
5
Suppose 35637 = 4*a + i, -12 = 4*i - 0*i. What is the thousands digit of a?
8
Suppose 24 = 14*n - 2*n. Suppose -2*j - 848 = -n*t, t + 2*j + 1277 = 4*t. What is the hundreds digit of t?
4
Suppose -6*d + 18757 = 3403. What is the thousands digit of d?
2
Suppose 0 = -263*a - 87013 + 5005113. What is the thousands digit of a?
8
Suppose -395424 + 1514143 = 79*k. What is the tens digit of k?
6
Let l be (-324)/10 - (-78)/(-130). Let c = 288 - l. What is the units digit of c?
1
Let m = 137 - 133. Suppose m*r - 4*y - 124 = 0, 8 = -r - y + 37. What is the tens digit of r?
3
What is the hundreds digit of ((-67)/((-6030)/(-472788)))/(0 - 1/5)?
2
Suppose -17*k + 94628 = 31490. Suppose -3*t - 2*f - 239 + k = 0, -5793 = -5*t - 2*f. What is the tens digit of t?
5
Suppose 320430 + 306454 = 53*t. What is the tens digit of t?
2
Suppose 18 = -3*j + x, j - 3*x + 2 = -4. What is the hundreds digit of (-99220)/(-66)*j/(-5)?
8
Suppose -36*d + 49117 = -959. What is the thousands digit of d?
1
Let y(t) = -61*t - 6 - 58*t + 53*t - 303*t. What is the hundreds digit of y(-1)?
3
Let w(r) be the third derivative of 47*r**5/60 + r**4/12 + 3*r**3 - 123*r**2. What is the units digit of w(4)?
8
Let p be (-2)/(-2)*7/((-42)/2634). Let k = -214 - p. What is the units digit of k?
5
Let q(n) = -178*n - 4. Let u be q(-1). Suppose w + u = 60. Let k = w - -202. What is the units digit of k?
8
Suppose -66 - 24 = -5*l. Suppose -5*j + l = j. Suppose 4*k = 3*k - 1, -4*u = -j*k - 611. What is the hundreds digit of u?
1
Suppose 1776*p = 1746*p + 223530. What is the thousands digit of p?
7
Suppose -4*o = 5*a + 2464 - 21669, -o - 4*a = -4815. What is the tens digit of o?
9
Let r = -428 + 429. What is the thousands digit of r/(2/2200) - 1?
1
Suppose -10*w = -2*w + 168. Let c = -13 - w. What is the units digit of (2*-1)/((-17)/(9724/c))?
3
Suppose -98*q + 2449050 = -424408. What is the ten thousands digit of q?
2
Suppose 4*d - 3999 = 6*y - 9*y, 4*d - 2666 = -2*y. Suppose -y = -8*r + 987. Let z = r - 161. What is the tens digit of z?
2
Suppose 5*z - n - 729 = 0, 1126*n = 1127*n - 6. What is the hundreds digit of z?
1
Suppose 2 = -2*o - 8*f, -2*f - 6 = 4*o - 2. What is the tens digit of (3 - o)*-1*(-247 + -4)?
0
Let g be (1 + 4)/((-11)/(-21054)). Suppose -g = -4*a - 11*a. Suppose -4*d + a = -38. What is the units digit of d?
9
Let g(v) = -v - 2. Let h be g(14). Let f be (-6626)/h + (-8)/64. Let u = 596 - f. What is the tens digit of u?
8
Suppose -220 = -108*b + 103*b. What is the tens digit of (3 + 0 + -1)*b?
8
Let x(h) = -16*h + 604. What is the hundreds digit of x(-52)?
4
Suppose -40*o + 205056 = 8*o. What is the units digit of o?
2
Let k be (-2 - 0/4)*57/6. Let u(n) = n**2 + 16*n + 33. Let t be u(k). Suppose 3*b = -3*b + t. What is the tens digit of b?
1
Let v be (-11)/(110/(-75))*4/6. Suppose -v*h + 31 = 1. What is the units digit of h?
6
Let p(m) = 10*m - 3. Suppose 2*g - 3*f = -0*f + 27, 5*g - 56 = -4*f. Let u be p(g). Suppose 4*t - 3*k - 471 = 2*k, -2*k - u = -t. What is the tens digit of t?
1
Suppose 8*d + 276 = 892. Suppose 5*i = -0*m - m - 39, 29 = -3*i - 2*m. What is the units digit of (-21)/i + 1*d + -2?
8
Let q be 3508*33/72 + 2/12. Suppose -5*a = -a - q. What is the hundreds digit of a?
4
Let w(h) = 17*h**2 - h - 3. Let s be w(-2). Suppose 2*j - l = 676, -2*l + 261 = j - s. What is the units digit of j?
6
Let r = -51 + 53. What is the hundreds digit of (753/(-2)*r)/(-2 - 1)?
2
Let n(v) = 2*v**2 + 9. Let d be ((-40)/6)/((-10)/135). Let q = d + -94. What is the units digit of n(q)?
1
What is the hundreds digit of (-26)/(-6)*(10843365/2730 - 2/(-28))?
2
Suppose 4*q + 2 = -2*s, q - 3*s - 22 = s. Suppose u - b + 7 = -81, -q*u - 2*b - 184 = 0. Let n = -46 - u. What is the units digit of n?
4
Let v = -13 - -15. Let l(x) = 596*x - 27. Let r be l(v). Suppose 8*f = r + 203. What is the units digit of f?
1
Let f be ((-54)/27)/((6/491)/(-3)). Suppose 2*u - f = -43. What is the tens digit of u?
2
Let q = 192 + -189. What is the hundreds digit of 2/(-3) + 1 + 818/q?
2
Suppose -2172 - 5028 = -3*d - 3*h, -h = -1. What is the hundreds digit of d?
3
Let v be (-5)/(-20) - 1867/(-4). Let f be 4/8*(-8)/(-4) - -1. Suppose 0 = f*u + 8, 5*c - v - 220 = -2*u. What is the tens digit of c?
3
Let w(o) be the second derivative of o**5/20 - 11*o**4/12 + 3*o**3/2 + 5*o**2 + 6*o. Let d be w(10). Suppose d = 6*i + 127 - 367. What is the tens digit of i?
4
Let h(c) = 203*c**2 - 159*c - 2028. What is the thousands digit of h(-12)?
9
Let l(x) = 5*x - 17. Let g be l(4). Suppose -g*y + 2816 = 242. What is the units digit of y?
8
Suppose -11 = 8*p - 43. Suppose h + n - 545 = 50, -2*n + 2370 = p*h. W